 - -1?
2023302330
In base 11, what is -20a03 + -2a?
-20a32
In base 2, what is -11011 - -10101100010101?
10101011111010
In base 9, what is -22827 - 56?
-22884
In base 12, what is 3 - -385a?
3861
In base 14, what is -6 - 58b9?
-58c1
In base 11, what is 30 - -4a28?
4a58
In base 8, what is 3112 + -13?
3077
In base 10, what is -429471 + -1?
-429472
In base 9, what is -157 - -276?
118
In base 12, what is -773 - -21?
-752
In base 3, what is -212121 + -1111?
-221002
In base 12, what is -3a84a - -18?
-3a832
In base 12, what is 432a - 18?
4312
In base 6, what is -442 + 350?
-52
In base 7, what is -210 - -1224?
1014
In base 5, what is 2013233 - -4?
2013242
In base 8, what is 5073 + 10?
5103
In base 15, what is -1859 - -17?
-1842
In base 7, what is -6 - 5623?
-5632
In base 10, what is 4 + -730642?
-730638
In base 2, what is -110000 + -100100101100101?
-100100110010101
In base 7, what is 3 + -410353?
-410350
In base 5, what is 10013400 + -13?
10013332
In base 15, what is -10975 - 4?
-10979
In base 9, what is 1 - 1374445?
-1374444
In base 11, what is 1923 + -549?
1385
In base 11, what is 362445 - 2?
362443
In base 12, what is -1525 - 215?
-173a
In base 4, what is -101031 + -3131?
-110222
In base 4, what is -21223222221 - -3?
-21223222212
In base 8, what is 0 + -564727?
-564727
In base 4, what is -20103312 + -10?
-20103322
In base 8, what is -640 + 4427?
3567
In base 10, what is -4 + 2343?
2339
In base 14, what is 5 + -9892?
-988b
In base 14, what is 1845 + 4?
1849
In base 11, what is 165 - -18577?
18731
In base 3, what is -2200221011002 + 12?
-2200221010220
In base 2, what is -10000101001001 - 100000100?
-10001001001101
In base 16, what is 5afcd1 + 3?
5afcd4
In base 2, what is 101001100000000010011 + -1?
101001100000000010010
In base 16, what is -1714 + -3?
-1717
In base 7, what is 12 - -55456?
55501
In base 16, what is -1 + c4ba?
c4b9
In base 4, what is -1310 - 113301?
-121211
In base 10, what is -108979 + -39?
-109018
In base 7, what is -1 + -6312?
-6313
In base 2, what is 1011000110110 - -10110?
1011001001100
In base 15, what is 1 - b924?
-b923
In base 11, what is -4 + 21502?
214a9
In base 9, what is 0 - -4401?
4401
In base 14, what is -19 + -10508?
-10523
In base 12, what is -1595 - 340?
-1915
In base 3, what is -11 + -120102101?
-120102112
In base 12, what is -b0593 - 4?
-b0597
In base 14, what is -8428 + 3?
-8425
In base 14, what is 2d1 + 69a?
98b
In base 5, what is 2 + 14132120?
14132122
In base 8, what is 4 - 24104?
-24100
In base 10, what is -103135 - -24?
-103111
In base 9, what is -5 - 1431824?
-1431830
In base 6, what is 1044013 + 3?
1044020
In base 15, what is -3 + c34?
c31
In base 6, what is 1043045 - -53?
1043142
In base 2, what is -1111000100 - -11100?
-1110101000
In base 11, what is -3310a1 + -3?
-3310a4
In base 3, what is 10 + 2101120220222?
2101120221002
In base 12, what is 3 - -1b3560?
1b3563
In base 5, what is -2 - 1311010?
-1311012
In base 9, what is 16735 + -42?
16683
In base 2, what is 100110011111101010 + 1?
100110011111101011
In base 8, what is -1 + 201507?
201506
In base 3, what is -1202110 + -200?
-1210010
In base 9, what is -55 + 3753?
3687
In base 7, what is 4112 - 2212?
1600
In base 3, what is 110011120200122 + -2?
110011120200120
In base 14, what is -d + -893?
-8a2
In base 9, what is -462503 + -10?
-462513
In base 3, what is -112 - -112020?
111201
In base 9, what is 1254 - -734?
2088
In base 16, what is -125f + 4?
-125b
In base 10, what is 34 - -239?
273
In base 4, what is -10 + -21202130?
-21202200
In base 8, what is 150 + 2016?
2166
In base 11, what is -9 - 156732?
-156740
In base 16, what is -3 - -10b1c3?
10b1c0
In base 14, what is -10 - 12bc0?
-12bd0
In base 9, what is -38 - 37?
-76
In base 8, what is -133174 + -5?
-133201
In base 10, what is 141292 + 0?
141292
In base 12, what is -5 - -9202b?
92026
In base 4, what is -120101210 + 10?
-120101200
In base 5, what is -31444 - 1?
-32000
In base 7, what is 42035350 - -5?
42035355
In base 6, what is -4033535 + 4?
-4033531
In base 8, what is -64 - -22111?
22025
In base 6, what is -4 + 12304?
12300
In base 12, what is 8265 - -8?
8271
In base 7, what is -1306 - 30611?
-32220
In base 10, what is -10978 - -9?
-10969
In base 7, what is 264136 + 5?
264144
In base 3, what is 12011222221 - 1000?
12011221221
In base 10, what is -46191 + 5?
-46186
In base 9, what is -22447 + 27?
-22420
In base 7, what is -54 - -6211?
6124
In base 9, what is 3 + 4887?
5001
In base 2, what is 10 + 1011001111000?
1011001111010
In base 14, what is -8 + 273a?
2732
In base 12, what is -1256 + -52?
-12a8
In base 16, what is 5 + -3cd3?
-3cce
In base 13, what is 66 + -9cc?
-966
In base 6, what is -552005 - 34?
-552043
In base 14, what is 1 + c5c4?
c5c5
In base 4, what is 10 - -1122112?
1122122
In base 14, what is 14 - 1055?
-1041
In base 5, what is 12 - -334413?
334430
In base 8, what is 607 + 330?
1137
In base 12, what is 3129 + -27?
3102
In base 13, what is 5 + -281c5?
-281c0
In base 13, what is -1bc74 - 0?
-1bc74
In base 5, what is 101244424 - -2?
101244431
In base 2, what is -11 + -1111100001001011?
-1111100001001110
In base 15, what is 6 - 95?
-8e
In base 15, what is ce52a - -2?
ce52c
In base 12, what is -112a5 + 2?
-112a3
In base 15, what is b603b - 0?
b603b
In base 3, what is 110210222 - 10?
110210212
In base 13, what is 6946 - -6?
694c
In base 12, what is -6 + -230?
-236
In base 3, what is 11 + 222100102?
222100120
In base 2, what is -1001001110010010011 + -11?
-1001001110010010110
In base 10, what is -204 + -4265?
-4469
In base 9, what is -115 - -4803?
4677
In base 14, what is -76766 + b?
-76759
In base 4, what is -31010 - 222?
-31232
In base 6, what is -3015333 - -4?
-3015325
In base 9, what is 38868 - -77?
40056
In base 2, what is 1000011 - -100111010?
101111101
In base 8, what is -34 + 1533?
1477
In base 13, what is 3 + 3b49?
3b4c
In base 14, what is -1abb + -12?
-1acd
In base 6, what is 10504 - -241?
11145
In base 3, what is 2 - -20110122?
20110201
In base 14, what is -12cb + 23a?
-1091
In base 15, what is 152c + 19?
1546
In base 11, what is 6042 + -3?
603a
In base 3, what is -100022 - 212220?
-1020012
In base 14, what is 25 - 1b59?
-1b34
In base 16, what is -36 - -6a?
34
In base 6, what is 2 + 1011302?
1011304
In base 2, what is 11010001100 - -10100?
11010100000
In base 11, what is 13 + 587?
59a
In base 13, what is -41 - 52?
-93
In base 11, what is 5096 - 7?
508a
In base 15, what is 109d1 + 3?
109d4
In base 7, what is 4 - 34151?
-34144
In base 8, what is -5667 - 165?
-6054
In base 13, what is 31 + bcb?
c2c
In base 14, what is 2 - -1a698?
1a69a
In base 9, what is 0 + 7452?
7452
In base 9, what is 1 + 55160?
55161
In base 15, what is 156521 - 0?
156521
In base 6, what is 120 + -353324?
-353204
In base 13, what is 1818 - -656?
2171
In base 13, what is -3 - 5247?
-524a
In base 14, what is -23322c + -2?
-233230
In base 4, what is -1003 - 112?
-1121
In base 7, what is 15 - -23543?
23561
In base 2, what is 100101110100 - 111010?
100100111010
In base 11, what is 2160a5 + 2?
2160a7
In base 3, what is 220010 - -22121110?
100111120
In base 13, what is 2 - 8854?
-8852
In base 14, what is -163 + 2a?
-137
In base 15, what is -3194c - -5?
-31947
In base 2, what is 11111010 + 100101110010?
101001101100
In base 12, what is -233 - 30?
-263
In base 5, what is -12403141 - -4?
-12403132
In base 14, what is 61b - -ba4?
13c1
In base 3, what is -100200011 + 10?
-100200001
In base 13, what is 317 + -116?
201
In base 4, what is -223331 + 1200?
-222131
In base 16, what is 3 + e954?
e957
In base 6, what is -321033 - 50?
-321123
In base 14, what is -1a038 - 1c?
-1a056
In base 14, what is -8 - 138ca?
-138d4
In base 16, what is 3 + -21ac?
-21a9
In base 11, what is -1 + 228a?
2289
In base 3, what is -100201 - -10122021?
10021120
In base 12, what is b54a + -5?
b545
In base 2, what is -1011100110 - -1101110011?
10001101
In base 11, what is 2 - 44626?
-44624
In base 14, what is -151d0 - -4?
-151ca
In base 2, what is -101000110101001101 - 1001?
-101000110101010110
In base 6, what is -540 - 2033?
-3013
In base 11, what is -5 + 1301?
12a7
In base 4, what is 30 - -10022?
10112
In base 11, what is -15 + 1316?
1301
In base 13, what is 2c - 8a?
-5b
In base 13, what is -94 - -2aa?
216
In base 4, what is -110 - 302102210?
-302102320
In ba